 5
Suppose 2 = 3*c - 16. Let d(l) = -2 + 9 - 6 + c*l. List the prime factors of d(4).
5
Suppose -2*s = -10, 0*q + 4*s = -q + 2. Let f = q + 17. Let b(m) = 27*m**2 + m. What are the prime factors of b(f)?
2, 13
Suppose 10*d = 40869 - 5519. What are the prime factors of d?
5, 7, 101
Suppose 0 = -d + 5*n + 239, -5*d - 3*n = -3*d - 439. What are the prime factors of d?
2, 7
Let v(a) = 32*a**2 + 14*a + 18. Let r(o) = -o**2 - o - 1. Let q(f) = 12*r(f) + v(f). List the prime factors of q(-3).
2, 3, 5
List the prime factors of 211145/165 - (-8)/6.
3, 7, 61
Let l be (-9)/(-2)*20/15. Let r = l - 1. Suppose -r*u = -24 - 81. List the prime factors of u.
3, 7
Suppose 4 = 2*v, 0 = 2*u + 2*v + 55 - 149. List the prime factors of (-3 + 1)*u/(-6).
3, 5
Let s(o) = 6*o - 19. Let k be s(8). Let z = 154 - k. List the prime factors of z.
5
Let i be 2 - -65 - (0 - 3). Let t = i - 49. List the prime factors of t.
3, 7
Let a(c) = c**3 + 7*c**2 - 9*c + 9. Let d be a(-8). What are the prime factors of 8/(-68) + 1192/d?
2, 5, 7
Suppose -175*s + 165*s = -450. What are the prime factors of s?
3, 5
Let o(x) = -x - 1. Let h be o(-6). Suppose -v = h*t - 28, 2*t = -2*t + 5*v + 5. Suppose t*i - 11*i + 48 = 0. List the prime factors of i.
2
Suppose -4*i = -5*b + 410, 0*b - b = 3*i - 82. Suppose 81*l = b*l - 52. What are the prime factors of l?
2, 13
Let x(m) = 2*m**2 + 6*m + 3. Let o be x(-5). Suppose o = 2*g - 41. What are the prime factors of g?
2
Let n = 444 + -389. List the prime factors of n.
5, 11
Suppose -10*y + u = -5*y - 2096, -y = 4*u - 415. List the prime factors of y.
419
Suppose 7*t - 16763 + 2644 = 0. List the prime factors of t.
2017
Suppose -4*a + 220 = n, -n + 269 = 5*a - 7. Suppose -2*t = -0*t - a. List the prime factors of t.
2, 7
Suppose 8*i = 12*i - 264. Suppose 173 = 3*z + 2*r - r, -z = 2*r - i. What are the prime factors of z?
2, 7
Suppose -2*g + g = 2*p - 42, 135 = 5*p - 5*g. Suppose -p*k + 28*k = 445. List the prime factors of k.
89
List the prime factors of 30/(-24) + 4186/8.
2, 3, 29
Let l be ((-2)/(2/(-31)))/1. Suppose 4*f = 5*m + 197, -4*f = -m - 208 + l. List the prime factors of f.
43
Let j(u) = -u + 18. Let n be j(18). Suppose -4*m + n*o = 3*o - 36, 4*m - 5*o - 4 = 0. What are the prime factors of m?
2, 3
Suppose 10*c + 20 = 15*c. Suppose 219 = 5*h - 3*l - 0*l, 3*h - 138 = c*l. Suppose -6 - h = -2*v. List the prime factors of v.
2, 3
Suppose -12*b = 1998 - 7062. What are the prime factors of b?
2, 211
List the prime factors of (-18)/(-45) + 1 + 5506/10.
2, 3, 23
Suppose -3*t - 2*u - 165 - 9 = 0, 2*t + 5*u + 116 = 0. Let q = t + 79. List the prime factors of q.
3, 7
Suppose 30 = y + y. Let x = y - 12. What are the prime factors of 14/x*(-6)/(-4)?
7
What are the prime factors of 2 + 46/(-22) + (-7459)/(-11)?
2, 3, 113
Let r be (6 + 4 + -5)*(-16)/(-10). Let w = r - -83. What are the prime factors of w?
7, 13
Let y = 1800 + 2505. What are the prime factors of y?
3, 5, 7, 41
Suppose 979 + 253 = -4*m. Let i = m + 479. What are the prime factors of i?
3, 19
Let m(g) = 4*g**2 - g + 12. Let p be m(5). Suppose -416 = -4*y + 5*i, -y - 2*i = -4*i - p. What are the prime factors of y?
3, 11
Let a(z) = 95*z + 3. Let s be a(-1). Let k be (-2)/4 - s/8. Let o(j) = 7*j - 20. List the prime factors of o(k).
3, 19
Suppose -4*v + 3026 = 2*i, -1747 = -3*v + 2*i + 519. List the prime factors of v.
2, 3, 7
Suppose -h + 3*m = -769, m - 2257 = 9*h - 12*h. What are the prime factors of h?
2, 13, 29
List the prime factors of (6 - (1 - 139))/((-4)/(-6)).
2, 3
Suppose 370968 = 19*f + 85*f. List the prime factors of f.
3, 29, 41
Suppose 2*v - 62 = -3*k + 533, 0 = -4*k + 12. What are the prime factors of v?
293
Let n be (-2)/(-13) + 15/(-13). Let m(j) = -3*j**3 + 1 + 3*j**3 - 5*j**3. What are the prime factors of m(n)?
2, 3
Let r = 184 + 207. Let d = r - 169. List the prime factors of d.
2, 3, 37
Suppose -5*y = -7 - 8. Let k be -3 + y - (1 - 0). Let q(b) = -25*b - 1. List the prime factors of q(k).
2, 3
Suppose 9*z = 18046 - 6805. What are the prime factors of z?
1249
Let d(l) be the first derivative of -l**3/3 - 25*l**2/2 + 37. List the prime factors of d(-19).
2, 3, 19
List the prime factors of (-60 + 0)/(((-9)/10)/3).
2, 5
Let r be (5/2)/((-1)/(-2)). Let c(n) = -14*n**2 + n**3 + r + 5*n**2 - 2*n**3 - 7*n + n. List the prime factors of c(-9).
59
Let r be -4 - (4 - 9) - -68. Let s = r + -18. List the prime factors of s.
3, 17
What are the prime factors of (-3 - -1) + 1/((-2)/(-88))?
2, 3, 7
Let l(w) = -27*w. Suppose u = t + 3*u - 1, 0 = -3*t + u - 11. What are the prime factors of l(t)?
3
Suppose 4*b - 16 = 0, 0 = -4*x + 2*b + 2 + 2. Let u be 1 + (-2 - x) - -20. Let i = u + 36. What are the prime factors of i?
2, 13
Let i = -86 - -51. Let q be -21*((-5)/i - 1). What are the prime factors of 1030/18 - q/81?
3, 19
Suppose r - 2*r = 4*u + 58, -3*u = 3*r + 39. Let a(p) = -2*p + 34. What are the prime factors of a(u)?
2
Suppose -15 + 109 = 4*m + 2*r, r = -5. List the prime factors of m.
2, 13
Let h(r) = r**3 - 7*r**2 + 7*r - 2. Let y(t) = -t**3 - 6*t**2 + 6. Let q be y(-6). Let g be h(q). List the prime factors of (g/(4/5))/1.
5
Let o = -636 - -1045. Let k = o - 286. List the prime factors of k.
3, 41
Suppose 0 = 3*v - 18 - 0. Suppose 14 = v*u + u. List the prime factors of u.
2
Let z(m) = -2*m + 23. Suppose 0 = -5*p + 2*p + 30. What are the prime factors of z(p)?
3
What are the prime factors of 10 + 1*1/(5/(-15))?
7
Let o(f) = f**3 - 10*f**2 - 10*f + 41. What are the prime factors of o(12)?
11, 19
List the prime factors of (-984170)/(-437) - 10/95.
2, 563
Let b(w) = -w**2 - w + 1. Let a(v) = v**3 - 2*v**2 - v + 1. Let l(d) = -a(d) + 5*b(d). What are the prime factors of l(-4)?
2, 3
Suppose o - 20 + 17 = 0. Let z(x) = -2*x + 3*x + o*x - 5*x + 1. List the prime factors of z(-5).
2, 3
Suppose -w = -2*r + 1456, 0*w + 2191 = 3*r - 5*w. List the prime factors of r.
727
Let a = -1220 + 1811. What are the prime factors of a?
3, 197
Suppose -68 = y - 575. List the prime factors of y.
3, 13
Let c(n) be the first derivative of n**4/4 - n**3/3 + 2*n**2 + n - 30. What are the prime factors of c(4)?
5, 13
Suppose -5*t - 5769 = -4*t. What are the prime factors of t/(-33) - (-2)/11?
5, 7
Let o(n) = n**2 + 2. Let r be o(0). Suppose -3*i + z + 221 = 0, -r*i = -z - 210 + 64. What are the prime factors of i?
3, 5
Let f = -42 - -60. Suppose -f*i = -20*i + 148. List the prime factors of i.
2, 37
Suppose -v - 502 = 2*g + g, -5*g + 4*v - 865 = 0. Let a = 72 - g. List the prime factors of a.
241
Let d(m) = -7*m - 37. Let g be d(-14). Suppose g = t + 30. What are the prime factors of t?
31
List the prime factors of (-20)/15 + 2 - (-89880)/18.
2, 11, 227
Let a(b) = 2*b**2 + 12*b + 10. Let c be a(11). Suppose 4*k - c + 151 = 5*f, -3*k + 173 = -2*f. What are the prime factors of k?
3, 19
Let w = 1891 + -1678. List the prime factors of w.
3, 71
Let t = 30 - 25. Suppose t*b = 532 + 73. What are the prime factors of b?
11
Suppose m - 5*r - 7 = 9, -8 = m + 3*r. Suppose l = 5*h + 29, -l + 4 + 1 = 3*h. List the prime factors of (1*l/1)/m.
2, 7
Let z(x) be the first derivative of 7 - 5*x - 4*x**2 + 1/3*x**3. What are the prime factors of z(10)?
3, 5
Suppose -7*c = -0*c + 1232. Let i = c + 338. List the prime factors of i.
2, 3
Suppose 0 = -o + 61 + 241. Suppose 202 = 3*k - o. List the prime factors of k.
2, 3, 7
Suppose 12*r + 420 = 8*r. Let v = r - -221. What are the prime factors of v?
2, 29
Let f(x) = -7*x + 4*x + 8 + 12*x + 0*x**2 - x**2. Let z be f(6). Let l = z + -8. What are the prime factors of l?
2, 3
Suppose 4*u + 2*l = 24, -2*u = -0*u - 3*l - 12. Let i(d) = -d - 2. Let y(f) = 2*f + 4. Let x(g) = -5*i(g) - 2*y(g). List the prime factors of x(u).
2
Suppose 532 = 3*u - 3*q + 4*q, q = -u + 174. Let a = u - 17. What are the prime factors of a?
2, 3
Let n(s) = -s**3 + 8*s**2 + 8*s + 4. Let v be n(9). List the prime factors of (-164)/v*((-80)/4)/(-4).
2, 41
Let z = 314 - 237. What are the prime factors of z?
7, 11
Let z(m) = -m**2 + 18*m - 15. Let p be z(17). Suppose 2*s - 138 = -p*t, -3*s - 4*t + 56 = -152. What are the prime factors of s?
2, 17
Let u be (-2)/6*(3 - 3). Suppose 0 = -3*z + 15, u = f - 5*z + 4*z. Suppose -243 = -f*x + 2. What are the prime factors of x?
7
Suppose 5*t - 200 = 130. Let d be t +